75 and 24930?
1385
Calculate the highest common divisor of 630 and 2166520.
10
Calculate the highest common factor of 2206213 and 2043.
227
Calculate the highest common factor of 1935284 and 7852.
52
Calculate the highest common divisor of 195576 and 249864.
696
Calculate the highest common factor of 853488 and 120.
24
Calculate the greatest common divisor of 8 and 93570508.
4
Calculate the greatest common divisor of 48531069 and 81.
81
Calculate the greatest common factor of 47294867 and 19669.
1513
Calculate the greatest common factor of 5870 and 118360.
10
What is the highest common factor of 753720290 and 1310?
1310
What is the greatest common divisor of 17364705 and 24?
3
What is the greatest common factor of 2293224 and 26001?
321
Calculate the highest common divisor of 6083388 and 5162.
58
Calculate the highest common divisor of 115949420 and 9192.
1532
Calculate the greatest common divisor of 31141252 and 92516.
916
Calculate the highest common divisor of 12673 and 387527.
667
What is the highest common factor of 372796112 and 416?
208
Calculate the highest common factor of 24 and 649062708.
12
Calculate the greatest common factor of 22 and 501009773.
11
Calculate the highest common divisor of 115317 and 2016.
9
What is the greatest common divisor of 4531235 and 8480?
265
Calculate the greatest common factor of 8196568 and 14012.
452
What is the greatest common divisor of 326 and 386266642?
326
Calculate the highest common divisor of 237 and 813840.
3
Calculate the greatest common divisor of 27063 and 240523916.
3007
What is the greatest common divisor of 298531 and 487?
487
What is the highest common factor of 880330308 and 156?
156
What is the highest common factor of 8041306 and 598?
598
What is the greatest common factor of 19583298 and 1008?
126
What is the highest common factor of 31701501 and 351?
117
Calculate the greatest common factor of 10556 and 213304.
364
What is the highest common factor of 228437847 and 891?
297
Calculate the highest common divisor of 137709246 and 3912.
978
What is the highest common divisor of 200589506 and 13?
13
What is the highest common divisor of 8 and 56100124?
4
What is the highest common factor of 245548116 and 167?
167
What is the highest common factor of 1011470 and 57482?
82
What is the highest common factor of 1992 and 1866912?
24
What is the highest common factor of 318 and 248329698?
318
Calculate the highest common divisor of 10119481 and 18529.
2647
Calculate the greatest common divisor of 48828 and 76685.
313
Calculate the highest common divisor of 2132 and 6416306.
26
Calculate the highest common factor of 92088 and 180936.
72
Calculate the highest common factor of 5568419 and 11525.
461
What is the greatest common divisor of 129456 and 494016?
1488
What is the greatest common factor of 1300046036 and 314?
314
What is the greatest common divisor of 467410454 and 1498?
1498
What is the highest common divisor of 17880 and 12901165?
745
What is the highest common factor of 42789 and 8517?
51
Calculate the greatest common divisor of 13710204 and 288.
36
What is the highest common factor of 28 and 218751526?
14
Calculate the highest common factor of 2967 and 61829313.
2967
What is the highest common divisor of 718 and 61802209?
359
What is the greatest common factor of 375248370 and 420?
210
What is the highest common factor of 52239364 and 926?
926
Calculate the highest common divisor of 5904 and 1512576.
144
What is the greatest common divisor of 146911520 and 7840?
1120
Calculate the greatest common divisor of 19622736 and 91854.
3402
What is the greatest common factor of 3427373 and 17232?
359
Calculate the highest common factor of 26 and 58679491.
13
Calculate the highest common factor of 290 and 224131430.
290
What is the highest common divisor of 2757270 and 6950?
10
What is the highest common divisor of 168 and 1757388?
12
What is the greatest common factor of 264352 and 30872?
8
Calculate the highest common factor of 455719648 and 32.
32
Calculate the highest common factor of 709195080 and 792.
264
What is the highest common divisor of 3864 and 1351434?
966
Calculate the highest common factor of 7548 and 27132.
204
What is the highest common divisor of 802645 and 1181185?
3505
What is the greatest common factor of 824605314 and 130?
26
Calculate the highest common divisor of 141787 and 17651483.
1997
What is the highest common factor of 4955319 and 4619?
31
What is the greatest common divisor of 23 and 11449860?
23
What is the highest common divisor of 2009579 and 2691?
299
What is the greatest common factor of 4748860 and 475?
95
Calculate the highest common factor of 69607 and 77926.
47
What is the greatest common divisor of 17066 and 950712?
14
What is the highest common factor of 260 and 3621605?
65
Calculate the highest common factor of 202815600 and 36.
12
Calculate the greatest common factor of 108 and 15656568.
12
Calculate the greatest common divisor of 14 and 301567742.
14
What is the highest common factor of 12808267 and 2055?
137
Calculate the highest common factor of 10 and 8539918.
2
What is the highest common factor of 50190 and 2485?
35
What is the highest common divisor of 8569 and 5440413?
451
What is the greatest common factor of 6999331 and 36983?
1193
Calculate the highest common divisor of 9608999 and 401840.
5023
What is the highest common factor of 6748 and 1283520?
28
Calculate the greatest common divisor of 717525 and 7728010.
5315
What is the highest common factor of 43998 and 12?
6
Calculate the greatest common factor of 226840 and 21935.
535
What is the highest common divisor of 1028 and 10572209?
257
Calculate the greatest common divisor of 5679072 and 10584.
1512
What is the highest common divisor of 1238 and 91239362?
1238
Calculate the greatest common divisor of 30308392 and 12840.
856
What is the highest common factor of 34108851 and 9996?
2499
Calculate the highest common divisor of 45 and 10590215.
5
What is the highest common divisor of 1090 and 309893322?
218
What is the highest common factor of 724 and 25149226?
362
What is the greatest common factor of 61683 and 3950061?
87
What is the greatest common divisor of 177139 and 45743?
307
What is the highest common factor of 1175 and 3378313?
47
What is the highest common divisor of 7272 and 4782249?
909
Calculate the highest common divisor of 185808 and 8022.
42
What is the highest common factor of 925 and 73889?
37
Calculate the highest common factor of 7138 and 57431186.
166
What is the greatest common factor of 22256 and 483808?
208
What is the greatest common factor of 44 and 222617901?
11
Calculate the highest common factor of 52684 and 105596.
4
Calculate the greatest common divisor of 2625781 and 983326.
2147
What is the greatest common factor of 3619 and 8722483?
77
Calculate the highest common divisor of 3377 and 688985671.
3377
Calculate the greatest common factor of 2924862080 and 896.
896
Calculate the greatest common factor of 341445 and 8592363.
4017
Calculate the greatest common divisor of 14858 and 291686.
782
Calculate the highest common divisor of 4297477 and 38.
19
Calculate the highest common divisor of 438 and 675684496.
146
Calculate the greatest common factor of 52931966 and 10.
2
What is the highest common divisor of 39533670 and 34?
34
Calculate the greatest common divisor of 560963226 and 3878.
554
Calculate the greatest common divisor of 538330 and 8660548.
2626
Calculate the highest common factor of 98010296 and 835.
167
What is the greatest common factor of 14345732 and 5696?
356
What is the greatest common factor of 11786 and 1118534?
142
Calculate the highest common factor of 745 and 395.
5
What is the greatest common divisor of 783 and 10867953?
87
What is the greatest common divisor of 72826845 and 195?
195
Calculate the highest common factor of 1439790 and 4290.
330
What is the greatest common factor of 65 and 24379147?
13
What is the highest common factor of 51353 and 33731?
89
Calculate the highest common factor of 52 and 341749993.
13
Calculate the highest common divisor of 2089749 and 65801.
2269
What is the greatest common divisor of 74196 and 111132?
324
Calculate the greatest common divisor of 825 and 3774225.
75
What is the greatest common factor o